{"id":2804,"date":"2026-04-10T10:28:57","date_gmt":"2026-04-10T10:28:57","guid":{"rendered":"https:\/\/www.haldexserwis.eu\/?page_id=2804"},"modified":"2026-04-10T13:05:03","modified_gmt":"2026-04-10T13:05:03","slug":"polityka-gwarancji","status":"publish","type":"page","link":"https:\/\/www.haldexserwis.eu\/index.php\/polityka-gwarancji\/","title":{"rendered":"Polityka gwarancji"},"content":{"rendered":"\t\t<div data-elementor-type=\"wp-page\" data-elementor-id=\"2804\" class=\"elementor elementor-2804\">\n\t\t\t\t<div class=\"elementor-element elementor-element-1dab4e73 e-flex e-con-boxed e-con e-parent\" data-id=\"1dab4e73\" data-element_type=\"container\" data-e-type=\"container\">\n\t\t\t\t\t<div class=\"e-con-inner\">\n\t\t\t\t<div class=\"elementor-element elementor-element-331b4715 elementor-widget elementor-widget-text-editor\" data-id=\"331b4715\" data-element_type=\"widget\" data-e-type=\"widget\" data-widget_type=\"text-editor.default\">\n\t\t\t\t<div class=\"elementor-widget-container\">\n\t\t\t\t\t\t\t\t\t<h3 data-section-id=\"55dcsc\" data-start=\"3783\" data-end=\"3819\"><span role=\"text\"><strong data-start=\"3787\" data-end=\"3819\">Gwarancja na wykonane us\u0142ugi<\/strong><\/span><\/h3>\n<p data-start=\"3821\" data-end=\"3943\">Na wszystkie wykonane naprawy udzielamy gwarancji obejmuj\u0105cej skuteczno\u015b\u0107 wykonanej naprawy w zakresie zg\u0142oszonej usterki.<\/p>\n<p data-start=\"3945\" data-end=\"3984\">Okres gwarancji wynosi: <strong data-start=\"3969\" data-end=\"3984\">12 miesi\u0119cy<\/strong><\/p>\n<p data-start=\"3986\" data-end=\"4065\">Gwarancja ma charakter dobrowolny i nie wy\u0142\u0105cza praw wynikaj\u0105cych z reklamacji.<\/p>\n<h3 data-section-id=\"gk1xzy\" data-start=\"4072\" data-end=\"4096\"><span role=\"text\"><strong data-start=\"4076\" data-end=\"4096\">Zakres gwarancji<\/strong><\/span><\/h3>\n<p data-start=\"4098\" data-end=\"4117\">Gwarancja obejmuje:<\/p>\n<ul data-start=\"4119\" data-end=\"4336\">\n<li data-section-id=\"1umh87o\" data-start=\"4119\" data-end=\"4226\">ponowne wyst\u0105pienie tej samej usterki wynikaj\u0105cej z tej samej przyczyny, kt\u00f3ra by\u0142a przedmiotem naprawy<\/li>\n<li data-section-id=\"1y4i52d\" data-start=\"4227\" data-end=\"4276\">wady wynikaj\u0105ce z wykonanej us\u0142ugi naprawczej<\/li>\n<li data-section-id=\"11jkk6z\" data-start=\"4277\" data-end=\"4336\">b\u0142\u0119dy monta\u017cowe lub techniczne powsta\u0142e podczas naprawy<\/li>\n<\/ul>\n<p data-start=\"4338\" data-end=\"4519\">W przypadku uznania gwarancji urz\u0105dzenie zostanie ponownie naprawione bez dodatkowych koszt\u00f3w lub \u2014 je\u015bli naprawa nie b\u0119dzie mo\u017cliwa \u2014 zostanie ustalone inne rozwi\u0105zanie z klientem.<\/p>\n<h3 data-section-id=\"xh34v5\" data-start=\"4526\" data-end=\"4562\"><span role=\"text\"><strong data-start=\"4530\" data-end=\"4562\">Czego gwarancja nie obejmuje<\/strong><\/span><\/h3>\n<p data-start=\"4564\" data-end=\"4587\">Gwarancja nie obejmuje:<\/p>\n<ul data-start=\"4589\" data-end=\"4946\">\n<li data-section-id=\"14fnmp9\" data-start=\"4589\" data-end=\"4633\">usterek niezwi\u0105zanych z wykonan\u0105 napraw\u0105<\/li>\n<li data-section-id=\"1lqxof6\" data-start=\"4634\" data-end=\"4695\">uszkodze\u0144 wynikaj\u0105cych z dzia\u0142ania czynnik\u00f3w zewn\u0119trznych<\/li>\n<li data-section-id=\"2llmtw\" data-start=\"4696\" data-end=\"4750\">zalania, wilgoci lub korozji powsta\u0142ej po naprawie<\/li>\n<li data-section-id=\"1rztomn\" data-start=\"4751\" data-end=\"4778\">uszkodze\u0144 mechanicznych<\/li>\n<li data-section-id=\"mdk0vu\" data-start=\"4779\" data-end=\"4833\">nieprawid\u0142owego monta\u017cu lub u\u017cytkowania urz\u0105dzenia<\/li>\n<li data-section-id=\"1ddojsx\" data-start=\"4834\" data-end=\"4862\">ingerencji os\u00f3b trzecich<\/li>\n<li data-section-id=\"1uj9dr0\" data-start=\"4863\" data-end=\"4895\">uszkodze\u0144 instalacji pojazdu<\/li>\n<li data-section-id=\"vn761i\" data-start=\"4896\" data-end=\"4946\">przepi\u0119\u0107 elektrycznych lub b\u0142\u0119d\u00f3w w instalacji<\/li>\n<\/ul>\n<h3 data-section-id=\"18e4vtl\" data-start=\"4953\" data-end=\"4991\"><span role=\"text\"><strong data-start=\"4957\" data-end=\"4991\">Procedura zg\u0142oszenia gwarancji<\/strong><\/span><\/h3>\n<p data-start=\"4993\" data-end=\"5026\">W przypadku zg\u0142oszenia gwarancji:<\/p>\n<ol data-start=\"5028\" data-end=\"5215\">\n<li data-section-id=\"3z9fdq\" data-start=\"5028\" data-end=\"5079\">klient kontaktuje si\u0119 z nami i opisuje problem<\/li>\n<li data-section-id=\"j2hmc7\" data-start=\"5080\" data-end=\"5137\">urz\u0105dzenie zostaje przes\u0142ane do ponownej diagnostyki<\/li>\n<li data-section-id=\"6uzbtp\" data-start=\"5138\" data-end=\"5215\">po weryfikacji podejmowana jest decyzja o naprawie lub innym rozwi\u0105zaniu<\/li>\n<\/ol>\n<h3 data-section-id=\"sf0lcy\" data-start=\"5222\" data-end=\"5244\"><span role=\"text\"><strong data-start=\"5226\" data-end=\"5244\">Koszty wysy\u0142ki<\/strong><\/span><\/h3>\n<p data-start=\"5246\" data-end=\"5297\">Koszty wysy\u0142ki urz\u0105dzenia do serwisu ponosi klient.<\/p>\n<p data-start=\"5299\" data-end=\"5431\">Koszty odes\u0142ania urz\u0105dzenia mog\u0105 zosta\u0107 pokryte przez serwis wed\u0142ug indywidualnej decyzji, chyba \u017ce przepisy prawa stanowi\u0105 inaczej.<\/p>\n<h3 data-section-id=\"1dpet3x\" data-start=\"5438\" data-end=\"5467\"><span role=\"text\"><strong data-start=\"5442\" data-end=\"5467\">Postanowienia ko\u0144cowe<\/strong><\/span><\/h3>\n<p data-start=\"5469\" data-end=\"5571\">Gwarancja dotyczy wy\u0142\u0105cznie wykonanej us\u0142ugi naprawczej, a nie ca\u0142ego urz\u0105dzenia jako nowego produktu.<\/p>\t\t\t\t\t\t\t\t<\/div>\n\t\t\t\t<\/div>\n\t\t\t\t\t<\/div>\n\t\t\t\t<\/div>\n\t\t\t\t<\/div>\n\t\t","protected":false},"excerpt":{"rendered":"<p>Gwarancja na wykonane us\u0142ugi Na wszystkie wykonane naprawy udzielamy gwarancji obejmuj\u0105cej skuteczno\u015b\u0107 wykonanej naprawy w zakresie zg\u0142oszonej usterki. Okres gwarancji wynosi: 12 miesi\u0119cy Gwarancja ma charakter dobrowolny i nie wy\u0142\u0105cza praw wynikaj\u0105cych z reklamacji. Zakres gwarancji Gwarancja obejmuje: ponowne wyst\u0105pienie tej samej usterki wynikaj\u0105cej z tej samej przyczyny, kt\u00f3ra by\u0142a przedmiotem naprawy wady wynikaj\u0105ce z [&hellip;]<\/p>\n","protected":false},"author":1,"featured_media":0,"parent":0,"menu_order":0,"comment_status":"closed","ping_status":"closed","template":"","meta":{"footnotes":""},"class_list":["post-2804","page","type-page","status-publish","hentry"],"blocksy_meta":[],"_links":{"self":[{"href":"https:\/\/www.haldexserwis.eu\/index.php\/wp-json\/wp\/v2\/pages\/2804","targetHints":{"allow":["GET"]}}],"collection":[{"href":"https:\/\/www.haldexserwis.eu\/index.php\/wp-json\/wp\/v2\/pages"}],"about":[{"href":"https:\/\/www.haldexserwis.eu\/index.php\/wp-json\/wp\/v2\/types\/page"}],"author":[{"embeddable":true,"href":"https:\/\/www.haldexserwis.eu\/index.php\/wp-json\/wp\/v2\/users\/1"}],"replies":[{"embeddable":true,"href":"https:\/\/www.haldexserwis.eu\/index.php\/wp-json\/wp\/v2\/comments?post=2804"}],"version-history":[{"count":30,"href":"https:\/\/www.haldexserwis.eu\/index.php\/wp-json\/wp\/v2\/pages\/2804\/revisions"}],"predecessor-version":[{"id":2884,"href":"https:\/\/www.haldexserwis.eu\/index.php\/wp-json\/wp\/v2\/pages\/2804\/revisions\/2884"}],"wp:attachment":[{"href":"https:\/\/www.haldexserwis.eu\/index.php\/wp-json\/wp\/v2\/media?parent=2804"}],"curies":[{"name":"wp","href":"https:\/\/api.w.org\/{rel}","templated":true}]}}